{"id":1023,"date":"2022-01-15T12:12:20","date_gmt":"2022-01-15T11:12:20","guid":{"rendered":"http:\/\/franckallera.com\/?page_id=1023"},"modified":"2025-03-27T19:32:42","modified_gmt":"2025-03-27T18:32:42","slug":"contact","status":"publish","type":"page","link":"https:\/\/franckallera.com\/index.php\/contact\/","title":{"rendered":"CONTACT &#038; BIO"},"content":{"rendered":"\n<div class=\"wp-block-columns alignfull is-layout-flex wp-container-core-columns-is-layout-28f84493 wp-block-columns-is-layout-flex\">\n<div class=\"wp-block-column is-layout-flow wp-block-column-is-layout-flow\" style=\"flex-basis:100%\">\n<blockquote class=\"wp-block-quote is-layout-flow wp-block-quote-is-layout-flow\">\n<ul class=\"wp-block-list\">\n<li class=\"has-medium-font-size\" style=\"font-style:normal;font-weight:100\"><em>Apr\u00e8s des d\u00e9buts comme assistant r\u00e9alisateur, au cin\u00e9ma (Da Vinci Code, Midnight in Paris) et \u00e0 la t\u00e9l\u00e9vision (Une trentaine de s\u00e9ries et unitaires, Franck passe \u00e0 la r\u00e9alisation. R\u00e9alisateur prim\u00e9, il r\u00e9alise des publicit\u00e9s depuis 15 ans.&nbsp;Son style ? Humain avant tout, humoristique, chaleureux, spontan\u00e9 et punchy, ses images suivent parfaitement les caract\u00e9ristiques de ses acteurs, le rythme des scripts. Un joli mix de pr\u00e9cision et de spontan\u00e9it\u00e9 en ressort ind\u00e9niablement. Il a notamment tourn\u00e9&nbsp;pour Cristaline, Garnier, Nestl\u00e9, Cic, Sixt, Sport 2000, Vinted, Afflelou, Weight Watchers, Danette&#8230;&nbsp;Il a \u00e9galement r\u00e9alis\u00e9 un t\u00e9l\u00e9film, un \u00e9pisode de la s\u00e9rie Profilage, pour TF1 en 2015. Il est actuellement en d\u00e9veloppement de plusieurs projets pour la t\u00e9l\u00e9vision et le cin\u00e9ma.<\/em><\/li>\n<\/ul>\n<\/blockquote>\n<\/div>\n<\/div>\n\n\n\n<div class=\"wp-block-media-text alignfull is-stacked-on-mobile\"><figure class=\"wp-block-media-text__media\"><img loading=\"lazy\" decoding=\"async\" width=\"1024\" height=\"815\" src=\"http:\/\/franckallera.com\/wp-content\/uploads\/2022\/01\/IMG_7903-1024x815.jpg\" alt=\"\" class=\"wp-image-1137 size-full\" srcset=\"https:\/\/franckallera.com\/wp-content\/uploads\/2022\/01\/IMG_7903-1024x815.jpg 1024w, https:\/\/franckallera.com\/wp-content\/uploads\/2022\/01\/IMG_7903-300x239.jpg 300w, https:\/\/franckallera.com\/wp-content\/uploads\/2022\/01\/IMG_7903-768x612.jpg 768w, https:\/\/franckallera.com\/wp-content\/uploads\/2022\/01\/IMG_7903-640x510.jpg 640w, https:\/\/franckallera.com\/wp-content\/uploads\/2022\/01\/IMG_7903-1100x876.jpg 1100w, https:\/\/franckallera.com\/wp-content\/uploads\/2022\/01\/IMG_7903.jpg 1276w\" sizes=\"auto, (max-width: 1024px) 100vw, 1024px\" \/><\/figure><div class=\"wp-block-media-text__content\">\n<blockquote class=\"wp-block-quote is-layout-flow wp-block-quote-is-layout-flow\">\n<p><\/p>\n<cite><strong>Franck ALLERA<\/strong><br>R\u00e9alisateur &#8211; Director<br><br><a href=\"https:\/\/www.imdb.com\/fr\/name\/nm1749692\/?reasonForLanguagePrompt=browser_header_mismatch\" data-type=\"link\" data-id=\"https:\/\/www.imdb.com\/fr\/name\/nm1749692\/?reasonForLanguagePrompt=browser_header_mismatch\">Imdb<\/a> \/ <a href=\"https:\/\/www.unifrance.org\/annuaires\/personne\/328767\/franck-allera\" data-type=\"link\" data-id=\"https:\/\/www.unifrance.org\/annuaires\/personne\/328767\/franck-allera\">Unifrance<\/a><br><a href=\"https:\/\/www.instagram.com\/franckallera\/\">Instagram<\/a> \/ <a href=\"https:\/\/vimeo.com\/franckallera\">Vim\u00e9o<\/a><br><br><br><strong>Agent<\/strong><br>Cyril CANNIZZO<br>Email : cyril@agentagitateur.com<br>T\u00e9l : \u202d06 25 41 24 93\u202c<\/cite><\/blockquote>\n<\/div><\/div>\n\n\n\n<p class=\"has-text-align-left\"><\/p>\n\n\n\n<div class=\"wp-block-columns is-layout-flex wp-container-core-columns-is-layout-28f84493 wp-block-columns-is-layout-flex\">\n<div class=\"wp-block-column is-layout-flow wp-block-column-is-layout-flow\"><\/div>\n\n\n\n<div class=\"wp-block-column is-layout-flow wp-block-column-is-layout-flow\"><\/div>\n\n\n\n<div class=\"wp-block-column is-layout-flow wp-block-column-is-layout-flow\"><\/div>\n<\/div>\n\n\n\n<p><\/p>\n\n\n\n<p><\/p>\n","protected":false},"excerpt":{"rendered":"","protected":false},"author":1,"featured_media":0,"parent":0,"menu_order":0,"comment_status":"closed","ping_status":"closed","template":"","meta":{"_vp_format_video_url":"","_vp_image_focal_point":[],"footnotes":""},"class_list":["post-1023","page","type-page","status-publish"],"_links":{"self":[{"href":"https:\/\/franckallera.com\/index.php\/wp-json\/wp\/v2\/pages\/1023","targetHints":{"allow":["GET"]}}],"collection":[{"href":"https:\/\/franckallera.com\/index.php\/wp-json\/wp\/v2\/pages"}],"about":[{"href":"https:\/\/franckallera.com\/index.php\/wp-json\/wp\/v2\/types\/page"}],"author":[{"embeddable":true,"href":"https:\/\/franckallera.com\/index.php\/wp-json\/wp\/v2\/users\/1"}],"replies":[{"embeddable":true,"href":"https:\/\/franckallera.com\/index.php\/wp-json\/wp\/v2\/comments?post=1023"}],"version-history":[{"count":52,"href":"https:\/\/franckallera.com\/index.php\/wp-json\/wp\/v2\/pages\/1023\/revisions"}],"predecessor-version":[{"id":2998,"href":"https:\/\/franckallera.com\/index.php\/wp-json\/wp\/v2\/pages\/1023\/revisions\/2998"}],"wp:attachment":[{"href":"https:\/\/franckallera.com\/index.php\/wp-json\/wp\/v2\/media?parent=1023"}],"curies":[{"name":"wp","href":"https:\/\/api.w.org\/{rel}","templated":true}]}}